hat are the prime factors of 2690039974?
2, 4493, 299359
What are the prime factors of 277358566?
2, 109, 1272287
List the prime factors of 255562923.
3, 7, 11, 47, 23539
List the prime factors of 8654334.
2, 3, 13, 181, 613
What are the prime factors of 14475320?
2, 5, 101, 3583
List the prime factors of 36501453.
3, 43, 257, 367
List the prime factors of 76780257.
3, 233, 109843
List the prime factors of 313230611.
41, 7639771
List the prime factors of 1401465361.
163, 8597947
List the prime factors of 2391588726.
2, 3, 83, 113, 42499
List the prime factors of 820348618.
2, 61, 6724169
What are the prime factors of 998351353?
37, 41, 211, 3119
List the prime factors of 52293221.
1399, 37379
List the prime factors of 1551599252.
2, 7, 557, 99487
List the prime factors of 160952412.
2, 3, 13412701
What are the prime factors of 124184929?
11, 97, 116387
List the prime factors of 111480314.
2, 11, 5067287
What are the prime factors of 517187794?
2, 258593897
What are the prime factors of 98023684?
2, 11, 1429, 1559
What are the prime factors of 119837751?
3, 11, 23, 157889
List the prime factors of 468537605.
5, 7537, 12433
List the prime factors of 970601350.
2, 5, 19412027
List the prime factors of 11947009.
11947009
What are the prime factors of 208092715?
5, 79, 661, 797
What are the prime factors of 5644137?
3, 43, 43753
List the prime factors of 3532754495.
5, 6763, 104473
What are the prime factors of 19611363?
3, 19, 97, 3547
List the prime factors of 22679158.
2, 89, 103, 1237
List the prime factors of 425214526.
2, 11, 41, 599, 787
List the prime factors of 18473851.
11, 251, 6691
List the prime factors of 938783579.
179, 5244601
What are the prime factors of 3098713741?
53, 58466297
What are the prime factors of 440256643?
59, 163, 45779
List the prime factors of 1088494068.
2, 3, 59, 1537421
List the prime factors of 3285044785.
5, 11, 599, 99713
List the prime factors of 978536543.
7243, 135101
What are the prime factors of 2620825606?
2, 7, 187201829
List the prime factors of 369794092.
2, 23, 4019501
What are the prime factors of 166553907?
3, 13, 929, 4597
List the prime factors of 100754490.
2, 3, 5, 23, 146021
List the prime factors of 59665408.
2, 11, 5297
List the prime factors of 1423053670.
2, 5, 37, 1453, 2647
List the prime factors of 1944879604.
2, 13933, 34897
What are the prime factors of 3308330432?
2, 11, 37, 107, 1187
What are the prime factors of 25144552?
2, 3143069
List the prime factors of 157769282.
2, 11, 17, 23, 18341
List the prime factors of 215455843.
43, 61, 82141
What are the prime factors of 878632042?
2, 223, 887, 2221
What are the prime factors of 152283991?
152283991
List the prime factors of 2413736042.
2, 47, 2939, 8737
What are the prime factors of 115427163?
3, 29, 53, 25033
List the prime factors of 271240797.
3, 17, 5318447
What are the prime factors of 532219054?
2, 4621, 57587
List the prime factors of 49204488.
2, 3, 47, 181, 241
List the prime factors of 336753653.
337, 999269
What are the prime factors of 221663996?
2, 61, 908459
List the prime factors of 5338975126.
2, 23197, 115079
What are the prime factors of 93618319?
93618319
What are the prime factors of 1599529116?
2, 3, 17, 79, 99251
List the prime factors of 26761847.
7, 47, 81343
List the prime factors of 225781908.
2, 3, 11, 53, 59, 547
What are the prime factors of 1650395151?
3, 97, 1890487
What are the prime factors of 58880128?
2, 61, 7541
List the prime factors of 1191333278.
2, 595666639
What are the prime factors of 782729048?
2, 1847, 52973
List the prime factors of 788016187.
7, 31, 41, 12653
List the prime factors of 127371628.
2, 3209, 9923
List the prime factors of 5706274.
2, 7, 113, 3607
List the prime factors of 245505118.
2, 19, 449, 14389
List the prime factors of 559704202.
2, 41, 6825661
What are the prime factors of 360920956?
2, 11, 2791, 2939
What are the prime factors of 213194410?
2, 5, 11, 13, 149087
What are the prime factors of 1102270355?
5, 220454071
What are the prime factors of 10478590?
2, 5, 1047859
What are the prime factors of 423819731?
673, 629747
What are the prime factors of 1189859595?
3, 5, 61, 211, 6163
List the prime factors of 707458765.
5, 13, 10883981
What are the prime factors of 262141?
11, 23831
What are the prime factors of 710618902?
2, 7, 23, 179, 12329
List the prime factors of 9158529.
3, 17, 179579
List the prime factors of 214162297.
214162297
List the prime factors of 829763757.
3, 2789, 3673
What are the prime factors of 222219067?
7, 31, 20899
What are the prime factors of 77594940?
2, 3, 5, 431083
List the prime factors of 44640909.
3, 157, 10531
What are the prime factors of 143884011?
3, 47961337
What are the prime factors of 147028721?
7, 173, 317, 383
List the prime factors of 168238943.
67, 2511029
List the prime factors of 7737884.
2, 7, 11, 37, 97
List the prime factors of 157166969.
89, 359, 4919
What are the prime factors of 2718982784?
2, 7, 3034579
List the prime factors of 171143971.
171143971
List the prime factors of 42520201.
1933, 21997
List the prime factors of 2568565316.
2, 22447, 28607
List the prime factors of 548947382.
2, 274473691
What are the prime factors of 379709671?
11, 17, 2030533
List the prime factors of 587450789.
587450789
List the prime factors of 74492997.
3, 17, 149, 9803
List the prime factors of 13382579.
7, 73, 26189
What are the prime factors of 107260489?
7, 443, 34589
What are the prime factors of 2093019541?
379, 5522479
What are the prime factors of 119802736?
2, 223, 33577
What are the prime factors of 24722732?
2, 29, 67, 3181
List the prime factors of 1370648871.
3, 16921591
List the prime factors of 100921880.
2, 5, 2523047
What are the prime factors of 347843229?
3, 239, 485137
List the prime factors of 28135047.
3, 2939, 3191
What are the prime factors of 1945694381?
3511, 554171
List the prime factors of 2596760582.
2, 13, 23, 4342409
What are the prime factors of 2021586896?
2, 7, 18049883
List the prime factors of 1832524.
2, 97, 4723
List the prime factors of 410839703.
281, 1462063
What are the prime factors of 107271434?
2, 53635717
What are the prime factors of 508239892?
2, 19, 6687367
What are the prime factors of 178590857?
4079, 43783
List the prime factors of 391182670.
2, 5, 103, 587, 647
What are the prime factors of 4307542238?
2, 277, 7775347
What are the prime factors of 510679717?
271, 1884427
List the prime factors of 10460843.
149, 70207
List the prime factors of 118775532.
2, 3, 17, 29, 1181
What are the prime factors of 1487325039?
3, 495775013
What are the prime factors of 1869473217?
3, 623157739
What are the prime factors of 1356011429?
47, 28851307
List the prime factors of 461180346.
2, 3, 11, 113, 61837
List the prime factors of 885666160.
2, 5, 11070827
List the prime factors of 13584465.
3, 5, 301877
What are the prime factors of 169719530?
2, 5, 23, 233, 3167
List the prime factors of 1370216933.
67, 20450999
List the prime factors of 4243476286.
2, 7, 863, 351223
What are the prime factors of 33249141?
3, 277, 13337
List the prime factors of 3117816334.
2, 1558908167
List the prime factors of 82301074.
2, 271, 151847
What are the prime factors of 980866023?
3, 379, 479, 1801
List the prime factors of 5008944675.
3, 5, 7, 9540847
What are the prime factors of 12491197?
12491197
What are the prime factors of 1488565319?
1488565319
List the prime factors of 179288971.
3467, 51713
List the prime factors of 699925211.
19, 1938851
What are the prime factors of 3410679293?
7, 353, 1380283
List the prime factors of 567489490.
2, 5, 43, 1319743
List the prime factors of 2462578460.
2, 5, 83, 631, 2351
List the prime factors of 5123263374.
2, 3, 281, 1012903
What are the prime factors of 69611503?
13, 113, 47387
What are the prime factors of 112952613?
3, 647, 58193
What are the prime factors of 1551248089?
149, 2371, 4391
List the prime factors of 275180705.
5, 19, 2896639
What are the prime factors of 135226317?
3, 45075439
List the prime factors of 80037599.
223, 379, 947
List the prime factors of 9386224.
2, 569, 1031
List the prime factors of 77745475.
5, 3109819
What are the prime factors of 2834039?
13, 218003
What are the prime factors of 13256821?
17, 67, 103, 113
List the prime fact